{"id":1743,"date":"2021-02-25T10:59:53","date_gmt":"2021-02-25T09:59:53","guid":{"rendered":"https:\/\/agora-humanite.org\/?page_id=1743"},"modified":"2021-04-10T14:54:29","modified_gmt":"2021-04-10T12:54:29","slug":"gestion","status":"publish","type":"page","link":"https:\/\/agora-humanite.org\/de\/gestion\/","title":{"rendered":"Die Organisation"},"content":{"rendered":"<p><\/p>\n<p><\/p>\n<p>Vom 13. bis 16. Dezember 2018 trafen sich 200 Menschen aus verschiedenen Regionen Europas, Afrikas, Lateinamerikas und Asiens w\u00e4hrend der ersten Agora der Einwohner der Erde in Sezano, einem italienischen Dorf in der N\u00e4he von Verona.<\/p>\n<p>\u00dcberzeugt davon, dass nichts die Ungleichheit im Recht auf Leben rechtfertigt und dass wir als Menschen gemeinsam f\u00fcr ein gutes Zusammenleben auf der Erde verantwortlich sind, haben wir uns auf den Weg gemacht, einen &#8220;Pakt der Menschheit&#8221; zu schlie\u00dfen, der die absichtliche Produktion von Armut und Armut verbietet \u00f6kologische Verw\u00fcstung durch die Vermarktung gemeinsamer G\u00fcter, entmenschlichte Finanzen und Kriegswaffen.<\/p>\n<p>Seitdem hat unsere Bewegung zahlreiche Aktionen durchgef\u00fchrt: Organisation globaler Kampagnen, Verfassen und Ver\u00f6ffentlichen von Freibriefen, offene Briefe und Petitionen, Realisierung und Verbreitung engagierter k\u00fcnstlerischer Beitr\u00e4ge, Entwicklung st\u00e4ndiger Bildungsprojekte und Mobilisierungsversammlungen, Ausarbeitung eines Projekts von ein Weltausweis &#8220;Einwohner der Erde&#8221;, Erstellung einer Website&#8230;<\/p>\n<p>Nach zwei Jahren besonders reicher und ermutigender Aktivit\u00e4ten und Erfahrungen glauben wir, dass unser Verein auf ausreichenden und soliden Grundlagen beruht, um unser Projekt formal zu institutionalisieren. Am 25. Januar 2021 gab sich unsere Bewegung ein Managementinstrument: die Vereinigung &#8220;Agora des Habitants de la Terre&#8221;, eine gemeinn\u00fctzige Vereinigung nach belgischem Recht unter dem Vorsitz von Riccardo PETRELLA.<\/p>\n<p><\/p>\n<p><\/p>\n<p><\/p>\n<p><\/p>\n<p><\/p>","protected":false},"excerpt":{"rendered":"<p>Vom 13. bis 16. Dezember 2018 trafen sich 200 Menschen aus verschiedenen Regionen Europas, Afrikas, Lateinamerikas und Asiens w\u00e4hrend der ersten Agora der Einwohner der Erde in Sezano, einem italienischen Dorf in der N\u00e4he von Verona. \u00dcberzeugt davon, dass nichts die Ungleichheit im Recht auf Leben rechtfertigt und dass wir als Menschen gemeinsam f\u00fcr ein [&hellip;]<\/p>\n","protected":false},"author":1,"featured_media":0,"parent":0,"menu_order":0,"comment_status":"closed","ping_status":"closed","template":"","meta":{"footnotes":""},"class_list":["post-1743","page","type-page","status-publish","hentry"],"_links":{"self":[{"href":"https:\/\/agora-humanite.org\/de\/wp-json\/wp\/v2\/pages\/1743"}],"collection":[{"href":"https:\/\/agora-humanite.org\/de\/wp-json\/wp\/v2\/pages"}],"about":[{"href":"https:\/\/agora-humanite.org\/de\/wp-json\/wp\/v2\/types\/page"}],"author":[{"embeddable":true,"href":"https:\/\/agora-humanite.org\/de\/wp-json\/wp\/v2\/users\/1"}],"replies":[{"embeddable":true,"href":"https:\/\/agora-humanite.org\/de\/wp-json\/wp\/v2\/comments?post=1743"}],"version-history":[{"count":11,"href":"https:\/\/agora-humanite.org\/de\/wp-json\/wp\/v2\/pages\/1743\/revisions"}],"predecessor-version":[{"id":2465,"href":"https:\/\/agora-humanite.org\/de\/wp-json\/wp\/v2\/pages\/1743\/revisions\/2465"}],"wp:attachment":[{"href":"https:\/\/agora-humanite.org\/de\/wp-json\/wp\/v2\/media?parent=1743"}],"curies":[{"name":"wp","href":"https:\/\/api.w.org\/{rel}","templated":true}]}}

<p></p>
<p></p>
<p>Vom 13. bis 16. Dezember 2018 trafen sich 200 Menschen aus verschiedenen Regionen Europas, Afrikas, Lateinamerikas und Asiens während der ersten Agora der Einwohner der Erde in Sezano, einem italienischen Dorf in der Nähe von Verona.</p>
<p>Überzeugt davon, dass nichts die Ungleichheit im Recht auf Leben rechtfertigt und dass wir als Menschen gemeinsam für ein gutes Zusammenleben auf der Erde verantwortlich sind, haben wir uns auf den Weg gemacht, einen &#8220;Pakt der Menschheit&#8221; zu schließen, der die absichtliche Produktion von Armut und Armut verbietet ökologische Verwüstung durch die Vermarktung gemeinsamer Güter, entmenschlichte Finanzen und Kriegswaffen.</p>
<p>Seitdem hat unsere Bewegung zahlreiche Aktionen durchgeführt: Organisation globaler Kampagnen, Verfassen und Veröffentlichen von Freibriefen, offene Briefe und Petitionen, Realisierung und Verbreitung engagierter künstlerischer Beiträge, Entwicklung ständiger Bildungsprojekte und Mobilisierungsversammlungen, Ausarbeitung eines Projekts von ein Weltausweis &#8220;Einwohner der Erde&#8221;, Erstellung einer Website&#8230;</p>
<p>Nach zwei Jahren besonders reicher und ermutigender Aktivitäten und Erfahrungen glauben wir, dass unser Verein auf ausreichenden und soliden Grundlagen beruht, um unser Projekt formal zu institutionalisieren. Am 25. Januar 2021 gab sich unsere Bewegung ein Managementinstrument: die Vereinigung &#8220;Agora des Habitants de la Terre&#8221;, eine gemeinnützige Vereinigung nach belgischem Recht unter dem Vorsitz von Riccardo PETRELLA.</p>
<p></p>
<p></p>
<p></p>
<p></p>
<p></p>

<p>Vom 13. bis 16. Dezember 2018 trafen sich 200 Menschen aus verschiedenen Regionen Europas, Afrikas, Lateinamerikas und Asiens während der ersten Agora der Einwohner der Erde in Sezano, einem italienischen Dorf in der Nähe von Verona. Überzeugt davon, dass nichts die Ungleichheit im Recht auf Leben rechtfertigt und dass wir als Menschen gemeinsam für ein [&hellip;]</p>
